{"id":30708,"date":"2025-12-09T11:00:33","date_gmt":"2025-12-09T11:00:33","guid":{"rendered":"https:\/\/the-rsgroup.com\/?page_id=30708"},"modified":"2026-01-28T00:43:16","modified_gmt":"2026-01-28T00:43:16","slug":"rauscher-stoecklin-polen","status":"publish","type":"page","link":"https:\/\/the-rsgroup.com\/de\/rauscher-stoecklin\/rauscher-stoecklin-polen\/","title":{"rendered":"Rauscher &#038; Stoecklin Polen"},"content":{"rendered":"<div class=\"wpb-content-wrapper\"><p>[vc_section full_width=&#8220;stretch_row&#8220; content_placement=&#8220;middle&#8220; min_height=&#8220;480&#8243; css=&#8220;.vc_custom_1765278057564{background-image: url(https:\/\/the-rsgroup.com\/wp-content\/uploads\/2025\/12\/Header_Rauscher_Stoecklin_Poland.jpg?id=30710) !important;background-position: center !important;background-repeat: no-repeat !important;background-size: cover !important;}&#8220; el_class=&#8220;inner-page-banner-section&#8220;][vc_row][vc_column][apress_heading sub_title=&#8220;\u00d6lverteiltransformatoren aus Krzecz\u00f3w f\u00fcr Europa&#8220; content_alignment=&#8220;left&#8220; data_animation=&#8220;fadeInRight&#8220; enable_delimiter=&#8220;&#8220; style=&#8220;heading_style1&#8243; title_font_options=&#8220;tag:h1&#8243; subtitle_font_options=&#8220;tag:div&#8220;]Rauscher &amp; Stoecklin Polen[\/apress_heading][\/vc_column][\/vc_row][\/vc_section][vc_row css=&#8220;.vc_custom_1754110673091{padding-top: 80px !important;padding-bottom: 80px !important;}&#8220;][vc_column apress_zindex=&#8220;9&#8243; el_class=&#8220;custom_sidebar high_zIndex&#8220;][apress_heading sub_title=&#8220;&#8220; content_alignment=&#8220;left&#8220; enable_delimiter=&#8220;&#8220; color_scheme=&#8220;color_scheme2&#8243; style=&#8220;heading_style1&#8243; title_font_options=&#8220;tag:h2|letter_spacing:1&#8243; subtitle_font_options=&#8220;tag:div&#8220; heading_margin=&#8220;margin-bottom:30&#8243; class=&#8220;heading-custom&#8220;]Neues Transformatorenwerk f\u00fcr \u00d6l-Verteiltransformatoren in Krzecz\u00f3w[\/apress_heading][vc_column_text css=&#8220;.vc_custom_1765278109151{margin-bottom: 0px !important;}&#8220;]Am 3. April 2025 hat die R&amp;S Group in Krzecz\u00f3w bei Bochnia (Polen) ein neues Werk f\u00fcr \u00f6lgek\u00fchlte Verteiltransformatoren der Marke Rauscher &amp; Stoecklin er\u00f6ffnet. Auf rund 10.000 m\u00b2 Produktions- und Logistikfl\u00e4che entstehen hier moderne Mittelspannungs-Verteiltransformatoren f\u00fcr zentrale europ\u00e4ische M\u00e4rkte.<\/p>\n<p>Strategischer Baustein der europ\u00e4ischen Fertigungsstrategie\u00a0Das Werk in Polen st\u00e4rkt gezielt die Lieferf\u00e4higkeit nach Deutschland, Skandinavien, in das Baltikum und in weitere M\u00e4rkte in Mittel- und Osteuropa.[\/vc_column_text][\/vc_column][\/vc_row][vc_row css=&#8220;.vc_custom_1764930440890{padding-top: 80px !important;padding-bottom: 80px !important;background-color: #E6E7E9 !important;}&#8220;][vc_column][apress_heading sub_title=&#8220;&#8220; content_alignment=&#8220;left&#8220; enable_delimiter=&#8220;&#8220; color_scheme=&#8220;color_scheme2&#8243; style=&#8220;heading_style5&#8243; title_font_options=&#8220;tag:h2|letter_spacing:0&#8243; subtitle_font_options=&#8220;tag:div|letter_spacing:3&#8243;]Highlights des neuen Standorts[\/apress_heading][vc_row_inner el_class=&#8220;location-expertise-section brand-page&#8220;][vc_column_inner][apress_heading sub_title=&#8220;&#8220; content_alignment=&#8220;left&#8220; enable_delimiter=&#8220;&#8220; color_scheme=&#8220;color_scheme2&#8243; style=&#8220;heading_style5&#8243; title_font_options=&#8220;tag:h2|letter_spacing:0&#8243; subtitle_font_options=&#8220;tag:div|letter_spacing:3&#8243;]Strategischer Standort[\/apress_heading][vc_column_text css=&#8220;&#8220;]Optimale Anbindung an wichtige Energie- und Industriezonen in Ost-, Mittel- und Nordeuropa.[\/vc_column_text][\/vc_column_inner][\/vc_row_inner][vc_row_inner el_class=&#8220;location-expertise-section brand-page&#8220;][vc_column_inner][apress_heading sub_title=&#8220;&#8220; content_alignment=&#8220;left&#8220; enable_delimiter=&#8220;&#8220; color_scheme=&#8220;color_scheme2&#8243; style=&#8220;heading_style5&#8243; title_font_options=&#8220;tag:h2|letter_spacing:0&#8243; subtitle_font_options=&#8220;tag:div|letter_spacing:3&#8243;]Erweiterte Kapazit\u00e4ten[\/apress_heading][vc_column_text css=&#8220;&#8220;]Ausgelegt auf eine Jahresproduktion von bis zu 2.500 \u00d6l-Verteiltransformatoren, um Netzausbau, Modernisierung und Projekte der Erneuerbaren Energien \u00a0zuverl\u00e4ssig zu unterst\u00fctzen.[\/vc_column_text][\/vc_column_inner][\/vc_row_inner][vc_row_inner el_class=&#8220;location-expertise-section brand-page&#8220;][vc_column_inner][apress_heading sub_title=&#8220;&#8220; content_alignment=&#8220;left&#8220; enable_delimiter=&#8220;&#8220; color_scheme=&#8220;color_scheme2&#8243; style=&#8220;heading_style5&#8243; title_font_options=&#8220;tag:h2|letter_spacing:0&#8243; subtitle_font_options=&#8220;tag:div|letter_spacing:3&#8243;]Moderne Fertigungstechnologie[\/apress_heading][vc_column_text css=&#8220;&#8220;]Digitale Produktionsplanung, standardisierte Prozesse und hohe Fertigungstiefe f\u00fcr reproduzierbare Qualit\u00e4t und kurze Durchlaufzeiten.[\/vc_column_text][\/vc_column_inner][\/vc_row_inner][vc_row_inner el_class=&#8220;location-expertise-section brand-page&#8220;][vc_column_inner][apress_heading sub_title=&#8220;&#8220; content_alignment=&#8220;left&#8220; enable_delimiter=&#8220;&#8220; color_scheme=&#8220;color_scheme2&#8243; style=&#8220;heading_style5&#8243; title_font_options=&#8220;tag:h2|letter_spacing:0&#8243; subtitle_font_options=&#8220;tag:div|letter_spacing:3&#8243;]Nachhaltigkeit im Fokus[\/apress_heading][vc_column_text css=&#8220;&#8220;]Energieeffizientes Werksdesign inklusive Photovoltaikanlage auf dem Werksdach \u2013 im Einklang mit den Nachhaltigkeitszielen der R&amp;S Group.<\/p>\n<p>Trotz globaler Herausforderungen wie unterbrochenen Lieferketten und volatilen M\u00e4rkten wurde das Projekt termingerecht realisiert \u2013 ein klares Signal f\u00fcr die Resilienz und Zukunftsf\u00e4higkeit der R&amp;S Group.[\/vc_column_text][\/vc_column_inner][\/vc_row_inner][vc_row_inner el_class=&#8220;location-expertise-section brand-page&#8220;][vc_column_inner][apress_heading sub_title=&#8220;&#8220; content_alignment=&#8220;left&#8220; enable_delimiter=&#8220;&#8220; color_scheme=&#8220;color_scheme2&#8243; style=&#8220;heading_style5&#8243; title_font_options=&#8220;tag:h2|letter_spacing:0&#8243; subtitle_font_options=&#8220;tag:div|letter_spacing:3&#8243;]Unser Lieferportfolio: [\/apress_heading][vc_column_text css=&#8220;&#8220;]Das Werk Krzecz\u00f3w fertigt unter der Marke Rauscher &amp; Stoecklin:<br \/>\n\u00d6l-Verteiltransformatoren bis 3.150 kVA und bis 33 kV Nennspannung ausgelegt f\u00fcr Verteilnetze und Ortsnetzstationen, Einspeisung erneuerbarer Energien (Wind, PV, BESS) sowie Industrie- und Infrastrukturprojekte<br \/>\n[\/vc_column_text][\/vc_column_inner][\/vc_row_inner][vc_row_inner el_class=&#8220;location-expertise-section brand-page&#8220;][vc_column_inner][apress_heading sub_title=&#8220;&#8220; content_alignment=&#8220;left&#8220; enable_delimiter=&#8220;&#8220; color_scheme=&#8220;color_scheme2&#8243; style=&#8220;heading_style5&#8243; title_font_options=&#8220;tag:h2|letter_spacing:0&#8243; subtitle_font_options=&#8220;tag:div|letter_spacing:3&#8243;]Service &amp; Support \u2013 L\u00f6sungen aus einer Hand[\/apress_heading][vc_column_text css=&#8220;&#8220;]Rauscher &amp; Stoecklin Polen bietet mehr als nur die Lieferung von Transformatoren:<\/p>\n<ul>\n<li>technische Beratung und Auslegung<\/li>\n<li>Projektbegleitung von der Spezifikation bis zur Inbetriebnahme<\/li>\n<li>Unterst\u00fctzung bei Typenauswahl, Normen und Netzanforderungen<\/li>\n<\/ul>\n<p>Netzbetreiber, Stadtwerke, EPCs und Industriekunden erhalten somit Standard-\u00d6l-Verteiltransformatoren mit der gewohnten R&amp;S-Qualit\u00e4t \u2013 \u201ewe guarantee energy\u201c in einem erweiterten europ\u00e4ischen Fertigungsverbund.[\/vc_column_text][\/vc_column_inner][\/vc_row_inner][\/vc_column][\/vc_row][vc_row full_width=&#8220;stretch_row_content&#8220; content_placement=&#8220;middle&#8220; bg_type=&#8220;image&#8220; parallax_style=&#8220;vcpb-default&#8220; bg_image_new=&#8220;id^35828|url^https:\/\/the-rsgroup.com\/wp-content\/uploads\/2026\/01\/Aneta-Brauntsch-Kedyk-long.webp|caption^null|alt^null|title^Aneta-Brauntsch-Kedyk-long|description^null&#8220; bg_image_repeat=&#8220;no-repeat&#8220; bg_override=&#8220;full&#8220; css=&#8220;.vc_custom_1769560823418{padding-top: 50px !important;padding-bottom: 100px !important;background-position: center !important;background-repeat: no-repeat !important;background-size: cover !important;}&#8220; el_class=&#8220;full-width-content-section testimonial&#8220; el_id=&#8220;row3&#8243;][vc_column][vc_row_inner][vc_column_inner][vc_single_image image=&#8220;35834&#8243; img_size=&#8220;full&#8220; css=&#8220;&#8220; el_class=&#8220;test-desktop-hide&#8220;][vc_column_text css=&#8220;&#8220; el_class=&#8220;full-width-content full-width-content-right rs&#8220;]<\/p>\n<h5>End-to-End-Logistik, die Termine h\u00e4lt<\/h5>\n<p><em>\u201eWir steuern Material- und Informationsfl\u00fcsse end-to-end \u2013 datengetrieben, transparent und mit klaren Priorit\u00e4ten f\u00fcr planbare Durchlaufzeiten und termingerechte Auslieferungen.\u201c<\/em><\/p>\n<h6><strong data-start=\"134\" data-end=\"159\">Aneta Brauntsch-Kedyk<\/strong>, Qualit\u00e4tsingenieurin, Rauscher &amp; Stoecklin Polska<\/h6>\n<p>[\/vc_column_text][\/vc_column_inner][\/vc_row_inner][\/vc_column][\/vc_row]<\/p>\n<\/div>","protected":false},"excerpt":{"rendered":"<p>[vc_section full_width=&#8220;stretch_row&#8220; content_placement=&#8220;middle&#8220; min_height=&#8220;480&#8243; css=&#8220;.vc_custom_1765278057564{background-image: url(https:\/\/the-rsgroup.com\/wp-content\/uploads\/2025\/12\/Header_Rauscher_Stoecklin_Poland.jpg?id=30710) !important;background-position: center !important;background-repeat: no-repeat !important;background-size: cover !important;}&#8220; el_class=&#8220;inner-page-banner-section&#8220;][vc_row][vc_column][apress_heading sub_title=&#8220;\u00d6lverteiltransformatoren aus Krzecz\u00f3w f\u00fcr Europa&#8220; content_alignment=&#8220;left&#8220; data_animation=&#8220;fadeInRight&#8220; enable_delimiter=&#8220;&#8220; style=&#8220;heading_style1&#8243; title_font_options=&#8220;tag:h1&#8243; subtitle_font_options=&#8220;tag:div&#8220;]Rauscher &amp; Stoecklin Polen[\/apress_heading][\/vc_column][\/vc_row][\/vc_section][vc_row css=&#8220;.vc_custom_1754110673091{padding-top: 80px !important;padding-bottom: 80px !important;}&#8220;][vc_column apress_zindex=&#8220;9&#8243; el_class=&#8220;custom_sidebar high_zIndex&#8220;][apress_heading sub_title=&#8220;&#8220; content_alignment=&#8220;left&#8220; enable_delimiter=&#8220;&#8220; color_scheme=&#8220;color_scheme2&#8243;&hellip;<\/p>\n","protected":false},"author":14,"featured_media":0,"parent":8343,"menu_order":0,"comment_status":"closed","ping_status":"closed","template":"template-fullwidth-page.php","meta":{"_acf_changed":false,"_monsterinsights_skip_tracking":false,"_monsterinsights_sitenote_active":false,"_monsterinsights_sitenote_note":"","_monsterinsights_sitenote_category":0,"footnotes":""},"class_list":["post-30708","page","type-page","status-publish","hentry"],"acf":[],"_links":{"self":[{"href":"https:\/\/the-rsgroup.com\/de\/wp-json\/wp\/v2\/pages\/30708","targetHints":{"allow":["GET"]}}],"collection":[{"href":"https:\/\/the-rsgroup.com\/de\/wp-json\/wp\/v2\/pages"}],"about":[{"href":"https:\/\/the-rsgroup.com\/de\/wp-json\/wp\/v2\/types\/page"}],"author":[{"embeddable":true,"href":"https:\/\/the-rsgroup.com\/de\/wp-json\/wp\/v2\/users\/14"}],"replies":[{"embeddable":true,"href":"https:\/\/the-rsgroup.com\/de\/wp-json\/wp\/v2\/comments?post=30708"}],"version-history":[{"count":8,"href":"https:\/\/the-rsgroup.com\/de\/wp-json\/wp\/v2\/pages\/30708\/revisions"}],"predecessor-version":[{"id":35842,"href":"https:\/\/the-rsgroup.com\/de\/wp-json\/wp\/v2\/pages\/30708\/revisions\/35842"}],"up":[{"embeddable":true,"href":"https:\/\/the-rsgroup.com\/de\/wp-json\/wp\/v2\/pages\/8343"}],"wp:attachment":[{"href":"https:\/\/the-rsgroup.com\/de\/wp-json\/wp\/v2\/media?parent=30708"}],"curies":[{"name":"wp","href":"https:\/\/api.w.org\/{rel}","templated":true}]}}

<div class="wpb-content-wrapper"><p>[vc_section full_width=&#8220;stretch_row&#8220; content_placement=&#8220;middle&#8220; min_height=&#8220;480&#8243; css=&#8220;.vc_custom_1765278057564{background-image: url(https://the-rsgroup.com/wp-content/uploads/2025/12/Header_Rauscher_Stoecklin_Poland.jpg?id=30710) !important;background-position: center !important;background-repeat: no-repeat !important;background-size: cover !important;}&#8220; el_class=&#8220;inner-page-banner-section&#8220;][vc_row][vc_column][apress_heading sub_title=&#8220;Ölverteiltransformatoren aus Krzeczów für Europa&#8220; content_alignment=&#8220;left&#8220; data_animation=&#8220;fadeInRight&#8220; enable_delimiter=&#8220;&#8220; style=&#8220;heading_style1&#8243; title_font_options=&#8220;tag:h1&#8243; subtitle_font_options=&#8220;tag:div&#8220;]Rauscher &amp; Stoecklin Polen[/apress_heading][/vc_column][/vc_row][/vc_section][vc_row css=&#8220;.vc_custom_1754110673091{padding-top: 80px !important;padding-bottom: 80px !important;}&#8220;][vc_column apress_zindex=&#8220;9&#8243; el_class=&#8220;custom_sidebar high_zIndex&#8220;][apress_heading sub_title=&#8220;&#8220; content_alignment=&#8220;left&#8220; enable_delimiter=&#8220;&#8220; color_scheme=&#8220;color_scheme2&#8243; style=&#8220;heading_style1&#8243; title_font_options=&#8220;tag:h2|letter_spacing:1&#8243; subtitle_font_options=&#8220;tag:div&#8220; heading_margin=&#8220;margin-bottom:30&#8243; class=&#8220;heading-custom&#8220;]Neues Transformatorenwerk für Öl-Verteiltransformatoren in Krzeczów[/apress_heading][vc_column_text css=&#8220;.vc_custom_1765278109151{margin-bottom: 0px !important;}&#8220;]Am 3. April 2025 hat die R&amp;S Group in Krzeczów bei Bochnia (Polen) ein neues Werk für ölgekühlte Verteiltransformatoren der Marke Rauscher &amp; Stoecklin eröffnet. Auf rund 10.000 m² Produktions- und Logistikfläche entstehen hier moderne Mittelspannungs-Verteiltransformatoren für zentrale europäische Märkte.</p>
<p>Strategischer Baustein der europäischen Fertigungsstrategie Das Werk in Polen stärkt gezielt die Lieferfähigkeit nach Deutschland, Skandinavien, in das Baltikum und in weitere Märkte in Mittel- und Osteuropa.[/vc_column_text][/vc_column][/vc_row][vc_row css=&#8220;.vc_custom_1764930440890{padding-top: 80px !important;padding-bottom: 80px !important;background-color: #E6E7E9 !important;}&#8220;][vc_column][apress_heading sub_title=&#8220;&#8220; content_alignment=&#8220;left&#8220; enable_delimiter=&#8220;&#8220; color_scheme=&#8220;color_scheme2&#8243; style=&#8220;heading_style5&#8243; title_font_options=&#8220;tag:h2|letter_spacing:0&#8243; subtitle_font_options=&#8220;tag:div|letter_spacing:3&#8243;]Highlights des neuen Standorts[/apress_heading][vc_row_inner el_class=&#8220;location-expertise-section brand-page&#8220;][vc_column_inner][apress_heading sub_title=&#8220;&#8220; content_alignment=&#8220;left&#8220; enable_delimiter=&#8220;&#8220; color_scheme=&#8220;color_scheme2&#8243; style=&#8220;heading_style5&#8243; title_font_options=&#8220;tag:h2|letter_spacing:0&#8243; subtitle_font_options=&#8220;tag:div|letter_spacing:3&#8243;]Strategischer Standort[/apress_heading][vc_column_text css=&#8220;&#8220;]Optimale Anbindung an wichtige Energie- und Industriezonen in Ost-, Mittel- und Nordeuropa.[/vc_column_text][/vc_column_inner][/vc_row_inner][vc_row_inner el_class=&#8220;location-expertise-section brand-page&#8220;][vc_column_inner][apress_heading sub_title=&#8220;&#8220; content_alignment=&#8220;left&#8220; enable_delimiter=&#8220;&#8220; color_scheme=&#8220;color_scheme2&#8243; style=&#8220;heading_style5&#8243; title_font_options=&#8220;tag:h2|letter_spacing:0&#8243; subtitle_font_options=&#8220;tag:div|letter_spacing:3&#8243;]Erweiterte Kapazitäten[/apress_heading][vc_column_text css=&#8220;&#8220;]Ausgelegt auf eine Jahresproduktion von bis zu 2.500 Öl-Verteiltransformatoren, um Netzausbau, Modernisierung und Projekte der Erneuerbaren Energien  zuverlässig zu unterstützen.[/vc_column_text][/vc_column_inner][/vc_row_inner][vc_row_inner el_class=&#8220;location-expertise-section brand-page&#8220;][vc_column_inner][apress_heading sub_title=&#8220;&#8220; content_alignment=&#8220;left&#8220; enable_delimiter=&#8220;&#8220; color_scheme=&#8220;color_scheme2&#8243; style=&#8220;heading_style5&#8243; title_font_options=&#8220;tag:h2|letter_spacing:0&#8243; subtitle_font_options=&#8220;tag:div|letter_spacing:3&#8243;]Moderne Fertigungstechnologie[/apress_heading][vc_column_text css=&#8220;&#8220;]Digitale Produktionsplanung, standardisierte Prozesse und hohe Fertigungstiefe für reproduzierbare Qualität und kurze Durchlaufzeiten.[/vc_column_text][/vc_column_inner][/vc_row_inner][vc_row_inner el_class=&#8220;location-expertise-section brand-page&#8220;][vc_column_inner][apress_heading sub_title=&#8220;&#8220; content_alignment=&#8220;left&#8220; enable_delimiter=&#8220;&#8220; color_scheme=&#8220;color_scheme2&#8243; style=&#8220;heading_style5&#8243; title_font_options=&#8220;tag:h2|letter_spacing:0&#8243; subtitle_font_options=&#8220;tag:div|letter_spacing:3&#8243;]Nachhaltigkeit im Fokus[/apress_heading][vc_column_text css=&#8220;&#8220;]Energieeffizientes Werksdesign inklusive Photovoltaikanlage auf dem Werksdach – im Einklang mit den Nachhaltigkeitszielen der R&amp;S Group.</p>
<p>Trotz globaler Herausforderungen wie unterbrochenen Lieferketten und volatilen Märkten wurde das Projekt termingerecht realisiert – ein klares Signal für die Resilienz und Zukunftsfähigkeit der R&amp;S Group.[/vc_column_text][/vc_column_inner][/vc_row_inner][vc_row_inner el_class=&#8220;location-expertise-section brand-page&#8220;][vc_column_inner][apress_heading sub_title=&#8220;&#8220; content_alignment=&#8220;left&#8220; enable_delimiter=&#8220;&#8220; color_scheme=&#8220;color_scheme2&#8243; style=&#8220;heading_style5&#8243; title_font_options=&#8220;tag:h2|letter_spacing:0&#8243; subtitle_font_options=&#8220;tag:div|letter_spacing:3&#8243;]Unser Lieferportfolio: [/apress_heading][vc_column_text css=&#8220;&#8220;]Das Werk Krzeczów fertigt unter der Marke Rauscher &amp; Stoecklin:<br />
Öl-Verteiltransformatoren bis 3.150 kVA und bis 33 kV Nennspannung ausgelegt für Verteilnetze und Ortsnetzstationen, Einspeisung erneuerbarer Energien (Wind, PV, BESS) sowie Industrie- und Infrastrukturprojekte<br />
[/vc_column_text][/vc_column_inner][/vc_row_inner][vc_row_inner el_class=&#8220;location-expertise-section brand-page&#8220;][vc_column_inner][apress_heading sub_title=&#8220;&#8220; content_alignment=&#8220;left&#8220; enable_delimiter=&#8220;&#8220; color_scheme=&#8220;color_scheme2&#8243; style=&#8220;heading_style5&#8243; title_font_options=&#8220;tag:h2|letter_spacing:0&#8243; subtitle_font_options=&#8220;tag:div|letter_spacing:3&#8243;]Service &amp; Support – Lösungen aus einer Hand[/apress_heading][vc_column_text css=&#8220;&#8220;]Rauscher &amp; Stoecklin Polen bietet mehr als nur die Lieferung von Transformatoren:</p>
<ul>
<li>technische Beratung und Auslegung</li>
<li>Projektbegleitung von der Spezifikation bis zur Inbetriebnahme</li>
<li>Unterstützung bei Typenauswahl, Normen und Netzanforderungen</li>
</ul>
<p>Netzbetreiber, Stadtwerke, EPCs und Industriekunden erhalten somit Standard-Öl-Verteiltransformatoren mit der gewohnten R&amp;S-Qualität – „we guarantee energy“ in einem erweiterten europäischen Fertigungsverbund.[/vc_column_text][/vc_column_inner][/vc_row_inner][/vc_column][/vc_row][vc_row full_width=&#8220;stretch_row_content&#8220; content_placement=&#8220;middle&#8220; bg_type=&#8220;image&#8220; parallax_style=&#8220;vcpb-default&#8220; bg_image_new=&#8220;id^35828|url^https://the-rsgroup.com/wp-content/uploads/2026/01/Aneta-Brauntsch-Kedyk-long.webp|caption^null|alt^null|title^Aneta-Brauntsch-Kedyk-long|description^null&#8220; bg_image_repeat=&#8220;no-repeat&#8220; bg_override=&#8220;full&#8220; css=&#8220;.vc_custom_1769560823418{padding-top: 50px !important;padding-bottom: 100px !important;background-position: center !important;background-repeat: no-repeat !important;background-size: cover !important;}&#8220; el_class=&#8220;full-width-content-section testimonial&#8220; el_id=&#8220;row3&#8243;][vc_column][vc_row_inner][vc_column_inner][vc_single_image image=&#8220;35834&#8243; img_size=&#8220;full&#8220; css=&#8220;&#8220; el_class=&#8220;test-desktop-hide&#8220;][vc_column_text css=&#8220;&#8220; el_class=&#8220;full-width-content full-width-content-right rs&#8220;]</p>
<h5>End-to-End-Logistik, die Termine hält</h5>
<p><em>„Wir steuern Material- und Informationsflüsse end-to-end – datengetrieben, transparent und mit klaren Prioritäten für planbare Durchlaufzeiten und termingerechte Auslieferungen.“</em></p>
<h6><strong data-start="134" data-end="159">Aneta Brauntsch-Kedyk</strong>, Qualitätsingenieurin, Rauscher &amp; Stoecklin Polska</h6>
<p>[/vc_column_text][/vc_column_inner][/vc_row_inner][/vc_column][/vc_row]</p>
</div>

<p>[vc_section full_width=&#8220;stretch_row&#8220; content_placement=&#8220;middle&#8220; min_height=&#8220;480&#8243; css=&#8220;.vc_custom_1765278057564{background-image: url(https://the-rsgroup.com/wp-content/uploads/2025/12/Header_Rauscher_Stoecklin_Poland.jpg?id=30710) !important;background-position: center !important;background-repeat: no-repeat !important;background-size: cover !important;}&#8220; el_class=&#8220;inner-page-banner-section&#8220;][vc_row][vc_column][apress_heading sub_title=&#8220;Ölverteiltransformatoren aus Krzeczów für Europa&#8220; content_alignment=&#8220;left&#8220; data_animation=&#8220;fadeInRight&#8220; enable_delimiter=&#8220;&#8220; style=&#8220;heading_style1&#8243; title_font_options=&#8220;tag:h1&#8243; subtitle_font_options=&#8220;tag:div&#8220;]Rauscher &amp; Stoecklin Polen[/apress_heading][/vc_column][/vc_row][/vc_section][vc_row css=&#8220;.vc_custom_1754110673091{padding-top: 80px !important;padding-bottom: 80px !important;}&#8220;][vc_column apress_zindex=&#8220;9&#8243; el_class=&#8220;custom_sidebar high_zIndex&#8220;][apress_heading sub_title=&#8220;&#8220; content_alignment=&#8220;left&#8220; enable_delimiter=&#8220;&#8220; color_scheme=&#8220;color_scheme2&#8243;&hellip;</p>
